63 - 77, d*y = -i + 164. List the prime factors of y.
2
Suppose 4*n = 3*w + 44993, 3115 = n + 5*w - 8139. List the prime factors of n.
7, 1607
Let z(i) = -672*i + 2 - 783*i + 1290*i. List the prime factors of z(-2).
2, 83
Let w be 32/72 + (-3)/((-27)/680). Let z = 130 - w. List the prime factors of z.
2, 3
Let f be ((-891)/(-54))/((-2)/(-4)). Suppose f*v - 27 = 39. List the prime factors of v.
2
Let b = 4 + 6. Suppose -m - 2*i + 2 = 11, 5*i = -2*m - 20. List the prime factors of m/(b/8) - -30.
2, 13
Let x(d) = 1449*d**3 + 4*d**2 - 5*d + 13. List the prime factors of x(2).
17, 683
Suppose -7*m + 1791 + 15366 = 0. List the prime factors of m.
3, 19, 43
Suppose 0 = 3*s + 29 - 2. Let m(y) = 8*y**2 + 14*y + 41. List the prime factors of m(s).
563
Let m(q) = -3*q. Let g(k) = -262*k - 18. Let d(c) = -g(c) - 5*m(c). What are the prime factors of d(3)?
3, 283
Let v(a) be the second derivative of -a**3/3 - 29*a**2/2 + 27*a. Let t be v(-16). Suppose 3*r - 211 = -d + 6*r, -808 = -4*d + t*r. List the prime factors of d.
199
Let m(h) = -h**3 + 16*h**2 + 16*h. Let c be m(17). Let y = c + 20. Suppose 4*x - 16 - 14 = y*v, -5*x = 5*v - 55. What are the prime factors of x?
3
Let c(m) be the first derivative of -45/2*m**2 - 9*m + 14. List the prime factors of c(-2).
3
Suppose 104*o = 57*o + 310858. What are the prime factors of o?
2, 3307
Suppose -25*w + 50448 + 64027 = 0. Suppose 0 = 6*l - 3323 - w. List the prime factors of l.
3, 439
Suppose -2*u - 504 = -u - 2*q, -2*u = 3*q + 1022. Let f = u + 328. Let c = -103 - f. List the prime factors of c.
7, 11
Suppose y = -5*y + 48. Suppose -123 = -y*m + 3005. List the prime factors of m.
17, 23
Suppose 0 = 4*n - 0 - 16. Suppose 0 = 2*p - 5*t + 8, 5*t = n*p - 4 - 0. List the prime factors of p + -2 + 4/3*45.
2
Let q(j) = -j**3 + 2*j**2. Let s be q(2). Let i be 34 + s + (-6)/12*0. Suppose -t - i = -82. What are the prime factors of t?
2, 3
Let r = -1821 + 3658. List the prime factors of r.
11, 167
Suppose -44394 = -23*f + 73343. What are the prime factors of f?
5119
Let o(t) = -t**2 - 13*t + 13. Let r be o(-10). Let g = r - 223. Let z = g - -254. What are the prime factors of z?
2, 37
Let w(o) be the first derivative of -29*o**2 + 6*o + 55. What are the prime factors of w(-4)?
2, 7, 17
Let f(m) = 14*m**3 - 6*m + 30. Let q(b) = -5*b**3 + 2*b - 10. Let o(v) = 4*f(v) + 11*q(v). Let t be o(0). List the prime factors of (-2)/t + 5705/25.
2, 3, 19
Let h be -4 + 2 - -39 - -4. Let v = -318 - -634. Suppose h*p + v = 45*p. What are the prime factors of p?
79
Let b(m) = -m**2 - 5*m + 3. Let z be b(-11). List the prime factors of (-18)/z + (-3669)/(-21).
5, 7
Let d(f) be the first derivative of 1 + 8*f**2 - 11 - 4 - 8 - 16*f. List the prime factors of d(7).
2, 3
Suppose 7*n - 14*n + 8*n - 66621 = 0. What are the prime factors of n?
3, 53, 419
Let v(h) be the first derivative of 4*h**3/3 - h**2/2 + h + 19. Let m be v(-6). Let f = m + -99. What are the prime factors of f?
2, 13
Suppose -293 = -5*k + 2*l, 29*l = 26*l + 3. Suppose -f + 299 = -s, -62*f - s + 885 = -k*f. What are the prime factors of f?
2, 37
Let m = 50725 - 24691. What are the prime factors of m?
2, 3, 4339
Suppose -5*w = -v - 18518 - 3816, 5*v + 111650 = 5*w. List the prime factors of (-12)/40 + v/(-30).
2, 3, 31
Let h be (-1)/4 - (-594)/(-216). Suppose -2*w - 2 = -3*w. List the prime factors of (68 - h)*(1 + 2 - w).
71
Let t(y) = 8*y - 1 - 18*y - 5*y**3 - 13*y + 22 + 120*y**2 + 12*y**3. What are the prime factors of t(-17)?
701
Suppose -3*u + 401 = 2*w, -2*u - 251 - 591 = -4*w. Suppose 3*l = 0, -w = -r + l + 6. List the prime factors of r.
2, 107
Let m(d) = 223*d - 2. Let x be m(-6). Let j = 3351 - 3359. What are the prime factors of x/(-36) + j/36?
37
Suppose -459*k + 607*k - 3993336 = 0. What are the prime factors of k?
2, 3, 1499
Let r be 4 + 559 - (-24)/8. Let g = r - 297. List the prime factors of g.
269
Let v = -38 - -78. Suppose -14*f - 4*f + 3096 = 0. Let q = f - v. List the prime factors of q.
2, 3, 11
Let i(r) = 17*r - 43. Let t be i(5). Let u = t + 294. What are the prime factors of u?
2, 3, 7
Let z = -7228 + 29213. List the prime factors of z.
5, 4397
Let i(s) = s - 1. Let c(k) = -k**2 + 24*k + 17. Let y(o) = c(o) - 6*i(o). What are the prime factors of y(12)?
5, 19
Let w = 87936 + -47857. What are the prime factors of w?
13, 3083
Suppose -4*d + 183552 = -4*q + 23200, -q = 4*d - 160347. List the prime factors of d.
40087
Suppose -4*r - 5*v - 1075 = 0, r + 203 = 4*v - 71. Let d = r + 443. What are the prime factors of d?
173
Let v = 56 - 54. Suppose m = 4*z + 2, -z + v = 2*m - m. Suppose o - 8 = 2*y - 1, z = -y. What are the prime factors of o?
7
Let t = -38642 + 54228. List the prime factors of t.
2, 7793
Suppose 0*z + z = 31. Suppose z*s = 36*s - 25. Suppose 324 = 3*r + 3*p, 5*p + 477 = -r + s*r. List the prime factors of r.
113
Let t = -9404 + 19193. List the prime factors of t.
3, 13, 251
Let f = 8063 - 814. List the prime factors of f.
11, 659
Suppose -63320 = -17*l + 35416. Suppose -48*q + l = -26*q. List the prime factors of q.
2, 3, 11
Suppose 5*x + 0*u + 5*u = 175, -2*x + 74 = 4*u. Let q be (3 + (-10)/(-3))/(1/x). Let y = -123 + q. List the prime factors of y.
2, 43
Suppose 2*d - 7955 = g + 21463, 2*g - 14724 = -d. What are the prime factors of d?
2, 3, 613
Let j = 6605 + -4185. Suppose 10 = 18*t - j. List the prime factors of t.
3, 5
Suppose 11*g - 165 = -869. Let v = 68 + g. List the prime factors of v/14 + (-8073)/(-189).
43
Suppose -15 + 3 = -6*h. Suppose -24 = h*x + 4*r + 6, 0 = -5*x - r - 102. What are the prime factors of (-1778)/x*(-6)/(-4)?
127
Let v(o) = o**3 - 12*o**2 + 16*o. Let r be v(13). List the prime factors of (r - (3 - 6))*2.
2, 5, 19
Let q(y) = y**2 + 22*y + 44. Let c = -144 - -124. Let j be q(c). Suppose 1060 = j*l + 76. What are the prime factors of l?
2, 3, 41
Let s(a) = a**2 - a - 1. Let g(l) = 5*l**2 - 25*l - 40. Let n be (-75)/12 - ((-9)/(-12))/(-3). Let r(p) = n*s(p) + g(p). List the prime factors of r(-16).
2, 7
Let m be 1 + (-1 - 1) - (-4 - -7). Let r(b) = -138*b - 17. Let t be r(m). Let v = t - 378. List the prime factors of v.
157
Suppose 23*y - 61056 - 1159 = 0. List the prime factors of y.
5, 541
Let t(w) = 148*w**2 - 173*w - 33. List the prime factors of t(10).
13037
Let b = 362 - 277. List the prime factors of (-2)/17 - (-69115)/b.
3, 271
Let y(g) = -2*g**3 - 4*g**2 - 4*g - 4. Let i = -9 - -7. Let n be y(i). Suppose -5*t = 0, -n*k + t = -k - 54. List the prime factors of k.
2, 3
Let f = -4010 + 5799. List the prime factors of f.
1789
What are the prime factors of 112600/25 + (-1 - (3 - 1 - 2))?
3, 19, 79
Suppose 4*k - 9*k - 2*u + 1215 = 0, -3*k + 715 = 4*u. Let b = 303 + -167. Let h = k - b. What are the prime factors of h?
109
Let f be (-30)/(-12)*(-4 - -30). Suppose 60*i = f*i - 2485. List the prime factors of i.
7, 71
Suppose 54*v - 16189 = 185177. What are the prime factors of v?
3, 11, 113
Let i = -1964 - -3397. List the prime factors of i.
1433
Let p(x) = 2*x + 464. Let t = -60 - -60. What are the prime factors of p(t)?
2, 29
Let g(a) = -131*a + a**2 + 128*a - 29*a**3 - 11 + 27*a**3. What are the prime factors of g(-2)?
3, 5
Suppose -29 + 5 = -6*r. Suppose 5*p - r*p - 12 = 0. What are the prime factors of ((-55)/15)/(-1*4/p)?
11
Let n(w) = 83*w**2 + 25*w + 20. Let c(r) = 28*r**2 + 8*r + 7. Suppose -4*m = -105 + 77. Let g(i) = m*c(i) - 2*n(i). What are the prime factors of g(-2)?
3, 13
Suppose 23*f = 25*f - 94. Suppose f = -6*h + 275. Suppose 0 = -33*t + h*t - 965. What are the prime factors of t?
193
Let i be 1/(-3 + (-8)/(-2)). Let y be 16/(-4 + -4) + -36. What are the prime factors of i + 1624/18 + y/171?
7, 13
Let y = -8502 + 16003. What are the prime factors of y?
13, 577
Let f(r) = 7*r - 27. Let s be f(-4). What are the prime factors of 447 + 2 - s/11?
2, 227
Suppose r + u = -3*r + 22768, -22764 = -4*r - 2*u. List the prime factors of r.
5693
Let h(o) = -1465*o + 1052. What are the prime factors of h(-17)?
101, 257
Suppose -5*b + 25 = 0, 5*u + 6*b + 500 = 5*b. Suppose 0 = -8*z + 6*z + 38. Let r = z - u. What are the prime factors of r?
2, 3, 5
Let j(d) = 23*d**3 - 2*d**2 - d + 2. Let i be j(-1). Suppose -8 = 2*p, o - 4*o - 109 = 4*p. Let v = i - o. What are the prime factors of v?
3
List the prime f